20 + -491. Let r(i) be the third derivative of 1/60*i**5 + 1/24*i**4 + 0*i + y*i**6 - 2*i**2 - 1/2*i**3 + 0. What is r(0)?
-3
Let w(j) = 2 - 9 + j**2 - 6*j - 1. Let h(r) = r**3 - 10*r**2 - 13*r + 28. Let l be h(11). Give w(l).
-8
Let i be (1/3)/((-39)/9 + 4). Let f(h) = -6*h - 1. Determine f(i).
5
Let y(z) = z**3 - 2*z**2 + 9*z. Let w(q) be the third derivative of q**5/60 - q**4/24 - 2*q**2. Let m(v) = 6*w(v) + y(v). Let k = 8 + -11. What is m(k)?
0
Let n(v) = -v**3 + 5*v**2 + 4*v + 7. Let z(j) = -j - 16. Let h be z(-22). What is n(h)?
-5
Let m(w) be the first derivative of w**3/3 - w**2/2 + 7*w + 12. What is m(0)?
7
Let t = -3 - -5. Let l(p) = p**3 - 2*p**2 + 3*p - 1. Calculate l(t).
5
Let f(x) be the third derivative of -x**5/60 - 7*x**4/24 - 5*x**3/6 + 15*x**2. What is f(-4)?
7
Let b(z) be the first derivative of -z**2 + z - 9. Suppose 0 = 2*l - 4*l + 6. Let r = -5 + l. Determine b(r).
5
Let y be -2 + 6*2/6. Let p(j) = -j**3 + j**2 - j + 3. What is p(y)?
3
Let t = -2 - -6. Let z(d) = -t + 4 - d. Determine z(2).
-2
Let z(n) be the first derivative of -6 - 5/2*n**2 - 1/3*n**3 + 0*n. Suppose -4*x - 8 = 8. What is z(x)?
4
Let h = -18 + 13. Let c(j) be the second derivative of -j**6/360 - j**5/20 - j**4/3 + 4*j. Let x(n) be the third derivative of c(n). Give x(h).
4
Let j(k) = -k**3 - 5*k**2 + 3*k + 7. Let q(l) = -l**3 + 7*l**2 - 4*l + 23. Let c be q(7). Calculate j(c).
-8
Suppose -4*b - 23 = -3. Let z(o) = -o**2 - 5*o - 3. Determine z(b).
-3
Let k(r) be the second derivative of -r**5/20 + 5*r**4/12 + r**3/3 + 7*r**2/2 + 13*r. Calculate k(6).
-17
Suppose -2*o + 9 + 5 = 0. Let x(c) = -c**2 + 5*c + 5. What is x(o)?
-9
Suppose 3*w - 1 = 2. Let i(n) = -2*n + w - 2*n - n. Suppose 4*v = -2*y + 5*y - 7, 2*v + 4*y = 24. What is i(v)?
-9
Suppose -3*o + m = 29, -3*o + 7*m - 27 = 4*m. Let g be ((-16)/20)/((-2)/o). Let l(q) = q**3 + 4*q**2 - q - 4. Determine l(g).
0
Let v(f) be the second derivative of 0*f**4 + 0 - 7/20*f**5 + 0*f**2 + 1/6*f**3 - 2*f. What is v(1)?
-6
Let i(d) be the third derivative of -d**6/120 + d**5/20 + d**4/12 - d**3/6 + d**2. Calculate i(4).
-9
Let t(i) = 3*i**3 - 6*i**2 - 11*i + 10. Let a(n) = 7*n**3 - 12*n**2 - 23*n + 21. Let g(r) = 2*a(r) - 5*t(r). Give g(7).
6
Let q(b) be the second derivative of 1/2*b**2 - 1/20*b**5 - 1/4*b**4 - b + 0 - 1/3*b**3. Suppose -5*c = 2*j - 0*j - 16, j + 3*c = 10. Give q(j).
1
Let a(b) = 17 + 0 - b - 8 - 2. Let u be 2 + 0 + 0 + 1. Determine a(u).
4
Let h(s) = -s**2 - s - 1. Let j(c) = c**2 + 6*c + 5. Let q be j(-4). Let u(r) = -4*r**2 + 3*r - 5. Let z(a) = q*h(a) + u(a). What is z(3)?
7
Let y(u) = -2*u. Let k(z) = z**3 - 2*z**2 - 6*z + 4. Let q be k(4). Suppose 4*j - 5 = 3*n, 5*j + 1 - q = -n. Suppose 4*g = -j*t + 8, -t - 4 = -6. What is y(g)?
-2
Let v(f) be the third derivative of 0*f - 1/4*f**4 - 1/10*f**5 + 1/3*f**3 - 1/120*f**6 + 0 - f**2. What is v(-5)?
7
Let w = -3 + 5. Let z be (-9)/2*6/(-9). Suppose g = z + w. Let a(m) = 2*m - 4. Determine a(g).
6
Let c(o) be the first derivative of -o**4/4 - o**3/3 + o**2/2 - 4. Give c(0).
0
Let p(r) = 10*r + 75. Let i be p(-7). Let n(m) = m**2 - 8*m - 2. Calculate n(i).
-17
Let u(b) = -4*b**2 - 2*b + 1. Suppose -5*n + 4*y - 11 = 0, 0*n + 9 = n + 2*y. Give u(n).
-5
Let q(x) = 0*x + 0 + x + 7 + 4. Give q(-9).
2
Let s(w) = -5*w + 0 - 5*w**2 + 1 - 4 + 0*w - w**3. What is s(-3)?
-6
Suppose 7*c = 3*c + 12. Let r(l) = -3 - 2*l**c + 7 + l**3 - 5*l**2. Determine r(-5).
4
Let w(f) be the first derivative of -1/6*f**3 - 2*f + 3 - 3*f**2. Let y(t) be the first derivative of w(t). What is y(0)?
-6
Suppose -3*k - 2 - 1 = 3*n, -5*n + 45 = -5*k. Let l(c) = -c - 1. Give l(n).
-5
Let l = -4 + 3. Let t = -3 + l. Let i(w) = w**3 + 4*w**2 + 2*w. Give i(t).
-8
Let a(p) = -4 + 2*p + 3 + 2 - 6. What is a(4)?
3
Let h(v) = -7*v - 4*v**2 - v**2 + v**3 + 10*v + 5. Determine h(4).
1
Let d(n) = -n - 21. Let w(t) = 1. Let p(k) = -d(k) - 5*w(k). Determine p(0).
16
Let j be (-4)/(-5)*(-25)/(-10). Let k(w) be the first derivative of 1 - 1/2*w**j + w. Determine k(-3).
4
Let d be 3 - (-2)/6*-3. Let y(x) = 2 - 25*x**3 + 3*x**d + x**2 + 24*x**3 + 2*x. Determine y(4).
10
Let p(z) = -z**2 + 8*z - 9. Let b be p(6). Let v(h) = h - h**2 - 7*h + 2*h - b. Let l be (-6)/2*4/3. Determine v(l).
-3
Let a(f) be the second derivative of 1/4*f**4 + 10*f + 0*f**2 + 0 - 1/3*f**3. Calculate a(2).
8
Let f(r) = -r**3 + 6*r**2 + 4*r + 9. Let a = 9 + -2. Give f(a).
-12
Let n(k) = 4*k - 3. Suppose -3*j + 2*v = -0*v - 13, -2*j - v + 4 = 0. Calculate n(j).
9
Let y(s) = s**2 - 8*s + 8. Suppose 5*u = p + 41, 4*p = 5*u - p - 45. Calculate y(u).
8
Let h(b) be the second derivative of b**3/2 - 3*b**2/2 + 11*b. Calculate h(-4).
-15
Let f(c) = c - 1. Let h(i) = 2*i - 7. Let b(x) = -6*f(x) + h(x). Suppose -3*t = -4 - 5. Let q be (0 + t)/(-3)*-1. Determine b(q).
-5
Let k(x) = -x**2 - x + 6. Let d be k(-4). Let h = 5 + d. Let l(f) = 7*f + 1. Give l(h).
-6
Let y be ((-5)/10)/((-3)/6). Suppose 0 = -c + 1 + 1. Let q(t) = -c + 1 + 2*t - 2*t**2 + 0. Determine q(y).
-1
Let k(i) = 5*i**2 - i**3 - 1 + 4*i + 5*i - i. Determine k(6).
11
Let x(j) = -6*j - 4 + 0*j + 2*j + 5*j. What is x(6)?
2
Let t(s) be the second derivative of 5*s**3/3 + s**2 - 14*s. Calculate t(-2).
-18
Let i be 1 + ((-4)/14 - 423/63). Let f(r) be the first derivative of -r**2/2 - 9*r - 1. Calculate f(i).
-3
Let u(h) be the third derivative of h**5/60 + h**4/4 + 2*h**3/3 + 106*h**2. Suppose -3*v - 1 = 3*y + 17, 4*v + 27 = -5*y. What is u(v)?
-5
Let d be (10 - 2 - 3)*1. Let j(c) = c**2 - 4*c + 6. Give j(d).
11
Let q(m) = m**3 - 7*m**2 + 6*m + 4. Let u be (-1)/(2/(-4)) + (2 - -2). What is q(u)?
4
Let h(p) = 13*p**2 - 13*p - 2. Suppose -r = -t - 11, r = -2*t - 0 - 7. Let u(d) = -7*d**2 + 7*d + 1. Let j(x) = t*h(x) - 11*u(x). Determine j(0).
1
Let w = -24 - -27. Let m(x) = 3 - 2 + 4*x - 6*x - 8*x**w + 2*x**2 + 0. Determine m(1).
-7
Suppose 4*t + 6 = 2*t. Let y(z) be the third derivative of -z**4/24 - 5*z**3/6 + 6*z**2. Give y(t).
-2
Let c(z) = -5*z**3 + 4*z**2 + 2*z - 2. Let t(m) = 4*m**3 - 4*m**2 - 2*m + 1. Let y(s) = -3*c(s) - 4*t(s). What is y(5)?
-13
Suppose 0*v + 2*v + 14 = 4*i, -2*v = -5*i + 17. Let y(p) = p + 0*p**i - 2*p**2 + 4*p**3 + 3*p**3. Let g be 1/(0 + -2 - -3). Calculate y(g).
6
Suppose 3*j + 17 = 5, 3*h - 26 = 5*j. Let x(c) = 5*c**h - 7 + 10*c**3 - 9*c**3 + 3 + c. Determine x(-3).
11
Let a = 5 - -4. Let z(c) = 0*c**2 - 2*c**2 - 3*c**2 + 4*c**2 - a*c**3. Calculate z(-1).
8
Let v(y) = -y**3 + 6*y**2 + 9*y - 10. Let d be v(7). Let o(p) = -p + d - 5 + 4 - 2 - p**2. Give o(-3).
-5
Let l(v) be the third derivative of v**4/24 + v**3/3 + 4*v**2. What is l(-3)?
-1
Let r(b) be the third derivative of 5/24*b**4 + 0 + 2*b**2 + 0*b**3 + 0*b. What is r(1)?
5
Let o be 0/5 + (2 - 0) - -1. Let n(x) = -8*x - 1. Determine n(o).
-25
Let p(u) be the second derivative of u**3/6 + 2*u**2 - 4*u. What is p(-5)?
-1
Suppose 11 = -4*c - 13. Let t(d) = -19*d - 25*d - 7 + 1 + 43*d. What is t(c)?
0
Let o(j) = -3*j + 1 + 7 - j + 11*j + j**2. What is o(-6)?
2
Suppose 4*x - 5 = 3*x. Let z = 11 + -5. Let y(v) = -v**2 + v - 1. Let w(q) = q**3 - 4*q + 13. Let l(h) = z*y(h) + w(h). What is l(x)?
-8
Let p(t) = 4*t - 2. Let k(b) = -b**2 + 4*b + 1. Let m be k(3). Suppose -m = 2*x + 8. Let j = x + 4. What is p(j)?
-10
Let d(n) be the second derivative of -n**4/12 + n**3 - n**2/2 - 4*n. Give d(6).
-1
Let r(h) = -4*h**2 + 2*h - 1. Suppose 0 = 3*k - 17 + 14. Calculate r(k).
-3
Let j be (2/4)/(2/200*-5). Let x(v) = -v**3 - 9*v**2 + 12*v - 2. What is x(j)?
-22
Let q(f) = 0 + 0 - 2*f - f**2. Suppose 0 = -4*h + 24 - 4. Suppose -3*g + 9 = 0, 0*g + h*g - 21 = 2*j. Calculate q(j).
-3
Let c(x) = -x**3 - x**2 + 4*x + 1. Suppose -5*b + 3 = 2*z, 5*b - z + 13 = z. Suppose -3*i + 4 = -4*j, 5*j + i = j + 12. Let q = b - j. Give c(q).
7
Let a(r) = -r**3 + 2*r**2 + 4*r - 2. Let b be ((-6)/(-8))/((-2)/(-8)). Let g = -3 + b. Suppose -3*m = -g - 9. Give a(m).
1
Let s(z) = z**3 - 7*z**2 - 2*z - 2. Let d(o) = 3*o**3 - 20*o**2 - 7*o - 6. Let c(q) = -3*d(q) + 8*s(q). Give c(5).
2
Suppose -4*d + 0*d + 20 = 0. Suppose 3*m - 2*t - 32 = 0, -5*m + 15 = 5*t - d. Let z be m/(-3) - (-3)/(-9). Let w(h) = 3*h + 4. What is w(z)?
-5
Let n(p) = 2*p**2 + p. Suppose -q - f + 9 = 0, 3*q = 2*f + 6 + 1. Suppose -q*i + 9 = 6*w - 2*w, i - 4*